*c + 10*c. What are the prime factors of c?
2, 7, 19
Suppose -139003 = -39*l + 33455. Suppose 92*g - 86*g = l. What are the prime factors of g?
11, 67
Suppose 4*r + 365 = -511. Let y(a) = -a**2 + 5*a - 3. Let h be y(3). What are the prime factors of (h/1 - r)*(-3)/(-9)?
2, 37
Suppose -6848 = -n - 5*a, 5*a = -4*n - 241 + 27588. What are the prime factors of n?
6833
Suppose 2*w + 0*v + 3*v = 182, -2*w + 3*v + 158 = 0. Let k = -81 + w. What are the prime factors of 2/(-8) - ((-605)/k + 0)?
151
Let x = -66 - -74. What are the prime factors of 259*1 + (-55)/(88/x)?
2, 127
Let f(a) = 2506*a + 15729. List the prime factors of f(23).
7, 47, 223
Suppose 3*z = -5*h + 1936, 0*h = -3*z + 3*h + 1944. Let t = z + 536. What are the prime factors of t?
7, 13
Suppose 5*l + 0*w - 50 = 3*w, -40 = -4*l - 5*w. Suppose 38 = l*c + 9*c. What are the prime factors of c - 147*-2 - -3?
13, 23
Let y(j) = 5*j - 247. Let d(x) = 2*x - 1. Let w(b) = -3*d(b) - y(b). What are the prime factors of w(22)?
2
Suppose -55 = u - 2*u + m, 63 = u + m. Suppose -y + 10 = 4*f, -f - 3*y - 4 + 1 = 0. Suppose -2*x + f*x = u. What are the prime factors of x?
59
Suppose 2*r = 5*f + 53926, 4*r + f + 54501 = 162419. What are the prime factors of r?
2, 7, 41, 47
Suppose 21*c = 18*c + 3*y + 96300, -2*y - 32093 = -c. What are the prime factors of c?
97, 331
What are the prime factors of 18/(-27)*6 + -22 + 5023?
19, 263
Suppose a = 6*a + 90. List the prime factors of 5*(-31)/(-2) - a/(-36).
7, 11
Let c be (-2 + 4)/(3/69). Suppose -33*p - 3705 = -c*p. List the prime factors of p.
3, 5, 19
Let k(b) = -b + 4. Let r be k(5). Let g(m) = -4*m**2 + m + 1. Let h be g(r). List the prime factors of (h - -3) + 4 + 0.
3
Let b be 21/14 - (-3)/(-2). Suppose b*c + 9*c = 1269. What are the prime factors of c + -1 + 10 + -7 + -3?
2, 5, 7
Let q = 141 + -262. Let l = -3583 - -3527. Let g = l - q. List the prime factors of g.
5, 13
Let k(a) = 2*a + 24. Let s be k(-10). Suppose 9*w = s*w + 2*n + 185, -3*w + 5*n + 92 = 0. List the prime factors of w.
3, 13
Let g(t) = -10*t + 15. Let r be g(1). Let u(l) = 7*l**2 + 11*l + 32. What are the prime factors of u(r)?
2, 131
Suppose -13690 = -7*h - 2077. What are the prime factors of h?
3, 7, 79
Let y(x) = -x**3 - 70*x**2 - 1702*x - 78. What are the prime factors of y(-32)?
2, 3, 2579
Let v(q) = -7*q**2 - 13*q + 68. Let w be v(16). What are the prime factors of (-10)/4 - -5 - w/8?
2, 61
Let q(a) = 13*a**2 - 23*a + 11. List the prime factors of q(14).
2237
Suppose 2*h + 21 = 7. Let k be (h/(-2) - 4)/((-2)/24). Suppose k*p = 1417 + 47. What are the prime factors of p?
2, 61
Let d = 25914 + 23436. List the prime factors of d.
2, 3, 5, 7, 47
Suppose x + 3*t = 4*t + 10, 0 = -x + 4*t - 5. Suppose w + 2*w = -x. List the prime factors of (-14)/7*w/2.
5
Suppose -57*y + 35966 = -212440. What are the prime factors of y?
2, 2179
Let z = 1103 + -290. Suppose -z = -5*j - 243. Suppose -809 + j = -5*g. List the prime factors of g.
139
Let i(r) = 7*r**2 - 13*r + 319. List the prime factors of i(36).
8923
Let o(p) = -202*p - 10. Let z be -3 + (0 - 0/(-7 - -3)). Let h be o(z). Let g = h - 324. List the prime factors of g.
2, 17
Let g be -2 + 83 + (-1)/1. What are the prime factors of -4*(-15)/g*124?
3, 31
Let k = 1282 + -157. Let d = -543 + k. What are the prime factors of d?
2, 3, 97
List the prime factors of 9841*(35/56 + 27/72).
13, 757
Let j be (6/21)/(20/(-28))*-10. Suppose -j*k + 106 = -2778. List the prime factors of k.
7, 103
Suppose -62 + 46 = -4*y. Suppose -72 = y*p - 7*p. Let j = p + 106. What are the prime factors of j?
2, 5, 13
Let d = -5705 + 14366. What are the prime factors of d?
3, 2887
Suppose 0*d = 4*d + 2*k + 32, 5*d - 4*k + 40 = 0. Let w be (d + (-2)/1)*(-2 - -1). Suppose 10*o - 80 + w = 0. What are the prime factors of o?
7
Let m(q) = q**2 + 29*q - 346. Let b be m(10). Let o(n) = -90*n - 1. Let g be o(1). Let p = b - g. What are the prime factors of p?
3, 5
Suppose -3*r + 160259 = 17*d, -143197 - 17088 = -3*r - 4*d. What are the prime factors of r?
7, 17, 449
Let b = -3922 - -4860. What are the prime factors of b?
2, 7, 67
Let u = -18698 + 28820. List the prime factors of u.
2, 3, 7, 241
Let k(s) = 5085*s + 2899. What are the prime factors of k(13)?
2, 13, 1327
Let x(j) = j**2 - 4*j + 25. Let y(g) = -g**3 + 5*g**2 + 4*g - 6. Let u be y(5). Let f = u + -20. List the prime factors of x(f).
5, 17
Suppose -14*t + 338706 = 10*t - 144246. What are the prime factors of t?
20123
Let h be 3 - (-3)/(-3*6/18). Suppose -5*q + 10*q - 5*j - 2435 = 0, 3*q + 5*j - 1453 = h. What are the prime factors of q?
2, 3
Let c(y) be the second derivative of -y**4/12 + 2*y**3/3 + 69*y**2 - 20*y. Suppose 0 = -2*l + 5*v + 5, -v - 1 = -6*l + 4*l. List the prime factors of c(l).
2, 3, 23
Let d(s) = 24*s + 142. Let i be d(-6). What are the prime factors of i/1 + 8772/17?
2, 257
Let u = -5384 - -9229. What are the prime factors of u?
5, 769
Suppose -4*h = -2*d - 15818, 4*h = 534*d - 533*d + 15821. What are the prime factors of h?
2, 23, 43
Let k(b) = 149*b**3 + 4*b**2 + 13*b + 9. Let t be k(-2). Let g = 2601 + t. What are the prime factors of g?
2, 11
Let p(w) be the second derivative of 31*w**3/6 - 61*w**2/2 + 19*w + 1. List the prime factors of p(10).
3, 83
Let y(r) = -r**2 + 13*r + 55. Let w be y(16). Suppose -x = w*x - 4064. List the prime factors of x.
2, 127
Let i = -10014 - -28132. What are the prime factors of i?
2, 9059
Suppose 205*l = 169411 + 994784. What are the prime factors of l?
3, 631
Let s = 103363 + -48570. What are the prime factors of s?
157, 349
Let l(h) = -h**3 + 16*h**2 + 2. Let s be l(16). Let j be 3/(-6)*(-358 - s). What are the prime factors of 4 - (0 - j/5)?
2, 5
Let z(l) = -14*l**2 + 0 - 6 - l**3 - 25*l + 19. Let b be z(-13). Suppose 0*n - 2*r = 5*n - b, -n + 29 = -2*r. What are the prime factors of n?
3, 11
Suppose 11*i - 19 = -19. Suppose 4*l + 12*l - 13216 = i. List the prime factors of l.
2, 7, 59
What are the prime factors of 4/10 + -820216*(-27)/270?
2, 41011
Let u(s) = 0 + 164*s - 1 - 13*s + 4. Let j be u(1). What are the prime factors of 3252/22 + 28/j?
2, 37
Let o = 200 - 10. Suppose 13*d + 21 - o = 0. List the prime factors of d.
13
Let o = 479 - 253. Suppose 2*a = 4*i - o, -54 - 96 = -3*i - 5*a. List the prime factors of i.
5, 11
Let f(t) = 28*t**3 - 3*t**2 - 2*t + 5. Suppose 42 = -11*c + 32*c. List the prime factors of f(c).
3, 71
Let r(h) = -h**3 - 3*h**2 + 2*h - 4. Let x be r(-4). Let f be 1/x - 2412/48. Let c = 72 - f. List the prime factors of c.
2, 61
Let n(f) = 29*f**2 - 1. Suppose i + 2 - 2 = 0. Suppose -x + 2*r + 10 - 1 = i, 6 = 2*x - r. List the prime factors of n(x).
2, 7
Suppose -140*j + 145*j - 4*b - 358396 = 0, -5*b = j - 71685. What are the prime factors of j?
2, 5, 7
Let h = 4287 - 2394. Let p = -1040 + h. What are the prime factors of p?
853
Let c(t) = -t - 37. Let k(l) = 19. Let z(i) = 2*c(i) + 5*k(i). What are the prime factors of z(9)?
3
Let c(b) be the second derivative of 0 + 19/6*b**3 + b + 1/12*b**4 - 3*b**2. List the prime factors of c(6).
2, 3
Let q = -9116 + 19056. List the prime factors of q.
2, 5, 7, 71
Let h(a) = -2*a**3 - 79*a**2 - 48*a - 15. List the prime factors of h(-43).
2, 937
Suppose 4*b = -2*k + 11206 + 11124, -5*b = -k + 11207. List the prime factors of k.
11177
Let n(l) = l**3 + 3*l**2 + 31*l - 13. List the prime factors of n(17).
2, 3, 1049
Suppose -z - 5*f = -9, 4*z + 4*f = 2*f + 90. Let b = 29 - z. Suppose o + 0*k - b*k = 121, -113 = -o - 3*k. What are the prime factors of o?
2, 29
Let p = 100 - -122. Suppose -2*l + 2*b - 858 = -6*l, l + 3*b = p. List the prime factors of l.
3, 71
Let i be ((12 - 2)/1)/((-26)/(-52)). What are the prime factors of 409 + 0 + (23 - i)?
2, 103
Let w(v) = -23*v**2 + v - 19. Let y(p) = -11*p**2 + p - 10. Let x(m) = -4*w(m) + 7*y(m). Let g(r) = 26*r - 368. Let s be g(14). List the prime factors of x(s).
2, 3, 13
Suppose 60 = 13*o + 8. Suppose -997 = -o*u + 243. Let r = u - 205. What are the prime factors of r?
3, 5, 7
Let a(y) = -347*y + 1880. List the prime factors of a(-22).
2, 67, 71
Let h = 20660 + 32035. What are the prime factors of h?
3, 5, 1171
Suppose 0 = y + 2*v - 458, -18*y + 20*y + 3*v - 915 = 0. Let u = y + -349. List the prime factors of u.
107
Let w = 41184 - 18897. List the prime